{"id":33,"date":"2022-11-01T17:29:34","date_gmt":"2022-11-01T17:29:34","guid":{"rendered":"https:\/\/compras.saavedra.gob.ar\/?page_id=33"},"modified":"2022-11-15T13:07:14","modified_gmt":"2022-11-15T13:07:14","slug":"proximas-licitaciones","status":"publish","type":"page","link":"https:\/\/compras.saavedra.gob.ar\/?page_id=33","title":{"rendered":"Pr\u00f3ximas licitaciones"},"content":{"rendered":"\n<p><\/p>\n\n\n<ul class=\"wp-block-latest-posts__list is-grid columns-3 has-dates wp-block-latest-posts\"><li><div class=\"wp-block-latest-posts__featured-image\"><img loading=\"lazy\" decoding=\"async\" width=\"150\" height=\"150\" src=\"https:\/\/compras.saavedra.gob.ar\/wp-content\/uploads\/2025\/11\/Saavedra-150x150.jpg\" class=\"attachment-thumbnail size-thumbnail wp-post-image\" alt=\"\" style=\"\" \/><\/div><a class=\"wp-block-latest-posts__post-title\" href=\"https:\/\/compras.saavedra.gob.ar\/?p=581\">Concesi\u00f3n y Explotaci\u00f3n de kiosco ubicado en el Boulevard de la calle Cornelio Saavedra y Lavalle de la ciudad de Saavedra<\/a><time datetime=\"2025-11-06T14:19:42+00:00\" class=\"wp-block-latest-posts__post-date\">noviembre 6, 2025<\/time><div class=\"wp-block-latest-posts__post-excerpt\"><div class=\"slide-text-bg2\"><span>PIG\u00dc\u00c9, 27 de octubre de 2025.- &nbsp;&nbsp;&nbsp;&nbsp;&nbsp;&nbsp;&nbsp;&nbsp;&nbsp; &nbsp;&nbsp;&nbsp;&nbsp;&nbsp;&nbsp; Visto lo solicitado por el Del<\/span><\/div><div class=\"slide-btn-area-sm\"><a href=\"https:\/\/compras.saavedra.gob.ar\/?p=581\" class=\"slide-btn-sm\">Leer m\u00e1s<\/a><\/div><\/div><\/li>\n<li><div class=\"wp-block-latest-posts__featured-image\"><img loading=\"lazy\" decoding=\"async\" width=\"150\" height=\"150\" src=\"https:\/\/compras.saavedra.gob.ar\/wp-content\/uploads\/2023\/08\/cordon-cuneta-150x150.jpg\" class=\"attachment-thumbnail size-thumbnail wp-post-image\" alt=\"\" style=\"\" \/><\/div><a class=\"wp-block-latest-posts__post-title\" href=\"https:\/\/compras.saavedra.gob.ar\/?p=349\">Licitaci\u00f3n P\u00fablica N.\u00ba 11\/2023<\/a><time datetime=\"2023-09-29T11:07:43+00:00\" class=\"wp-block-latest-posts__post-date\">septiembre 29, 2023<\/time><div class=\"wp-block-latest-posts__post-excerpt\"><div class=\"slide-text-bg2\"><span>&nbsp;PIG\u00dc\u00c9, 29 de septiembre del 2023.- Por medio de la presente solicito: Art. 1\u00ba&nbsp;&nbsp;&nbsp;&nbsp;&nbsp;&nbsp;&nbsp; Ll\u00e1mase a Licitaci\u00f3n P\u00fa<\/span><\/div><div class=\"slide-btn-area-sm\"><a href=\"https:\/\/compras.saavedra.gob.ar\/?p=349\" class=\"slide-btn-sm\">Leer m\u00e1s<\/a><\/div><\/div><\/li>\n<li><div class=\"wp-block-latest-posts__featured-image\"><img loading=\"lazy\" decoding=\"async\" width=\"150\" height=\"150\" src=\"https:\/\/compras.saavedra.gob.ar\/wp-content\/uploads\/2023\/02\/Pavimento-150x150.png\" class=\"attachment-thumbnail size-thumbnail wp-post-image\" alt=\"\" style=\"\" \/><\/div><a class=\"wp-block-latest-posts__post-title\" href=\"https:\/\/compras.saavedra.gob.ar\/?p=339\">Licitaci\u00f3n P\u00fablica N\u00ba10\/2023<\/a><time datetime=\"2023-08-29T10:44:04+00:00\" class=\"wp-block-latest-posts__post-date\">agosto 29, 2023<\/time><div class=\"wp-block-latest-posts__post-excerpt\"><div class=\"slide-text-bg2\"><span>PIG\u00dc\u00c9, 28 de Agosto del 2023.- Art. 1\u00ba Ll\u00e1mase a Licitaci\u00f3n P\u00fablica N\u00ba10\/2023 para la obra: \u201cPavimentaci\u00f3n con material flexible (Asfalto en cali<\/span><\/div><div class=\"slide-btn-area-sm\"><a href=\"https:\/\/compras.saavedra.gob.ar\/?p=339\" class=\"slide-btn-sm\">Leer m\u00e1s<\/a><\/div><\/div><\/li>\n<li><div class=\"wp-block-latest-posts__featured-image\"><img loading=\"lazy\" decoding=\"async\" width=\"150\" height=\"150\" src=\"https:\/\/compras.saavedra.gob.ar\/wp-content\/uploads\/2022\/11\/cropped-Compras-150x150.jpg\" class=\"attachment-thumbnail size-thumbnail wp-post-image\" alt=\"\" style=\"\" \/><\/div><a class=\"wp-block-latest-posts__post-title\" href=\"https:\/\/compras.saavedra.gob.ar\/?p=325\">Licitaci\u00f3n P\u00fablica N\u00ba 09\/2023 (Segundo Llamado)<\/a><time datetime=\"2023-07-31T17:18:29+00:00\" class=\"wp-block-latest-posts__post-date\">julio 31, 2023<\/time><div class=\"wp-block-latest-posts__post-excerpt\"><div class=\"slide-text-bg2\"><span>PIG\u00dc\u00c9, 26 de julio del 2023.- Art. 1\u00ba&nbsp;&nbsp;&nbsp;&nbsp;&nbsp;&nbsp;&nbsp; Ll\u00e1mase a Licitaci\u00f3n P\u00fablica N\u00ba 09\/2023 (Segundo Llamado) para la Co<\/span><\/div><div class=\"slide-btn-area-sm\"><a href=\"https:\/\/compras.saavedra.gob.ar\/?p=325\" class=\"slide-btn-sm\">Leer m\u00e1s<\/a><\/div><\/div><\/li>\n<li><div class=\"wp-block-latest-posts__featured-image\"><img loading=\"lazy\" decoding=\"async\" width=\"150\" height=\"150\" src=\"https:\/\/compras.saavedra.gob.ar\/wp-content\/uploads\/2023\/05\/GAS-150x150.png\" class=\"attachment-thumbnail size-thumbnail wp-post-image\" alt=\"\" style=\"\" \/><\/div><a class=\"wp-block-latest-posts__post-title\" href=\"https:\/\/compras.saavedra.gob.ar\/?p=312\">Licitaci\u00f3n P\u00fablica N\u00ba 06\/2023<\/a><time datetime=\"2023-07-11T11:27:47+00:00\" class=\"wp-block-latest-posts__post-date\">julio 11, 2023<\/time><div class=\"wp-block-latest-posts__post-excerpt\"><div class=\"slide-text-bg2\"><span>PIG\u00dc\u00c9, 11 de Julio del 2023.- Por medio de la presente solicito:Por dos d\u00edas:Art. 1\u00ba Ll\u00e1mase a Licitaci\u00f3n P\u00fablica N\u00ba 06\/2023 (SEGUNDO LLAMADO) para<\/span><\/div><div class=\"slide-btn-area-sm\"><a href=\"https:\/\/compras.saavedra.gob.ar\/?p=312\" class=\"slide-btn-sm\">Leer m\u00e1s<\/a><\/div><\/div><\/li>\n<li><div class=\"wp-block-latest-posts__featured-image\"><img loading=\"lazy\" decoding=\"async\" width=\"150\" height=\"150\" src=\"https:\/\/compras.saavedra.gob.ar\/wp-content\/uploads\/2023\/05\/Logo-Muni-Saav-mini-150x150.jpg\" class=\"attachment-thumbnail size-thumbnail wp-post-image\" alt=\"\" style=\"\" \/><\/div><a class=\"wp-block-latest-posts__post-title\" href=\"https:\/\/compras.saavedra.gob.ar\/?p=292\">Licitaci\u00f3n P\u00fablica N\u00ba 09\/2023<\/a><time datetime=\"2023-05-30T13:43:10+00:00\" class=\"wp-block-latest-posts__post-date\">mayo 30, 2023<\/time><div class=\"wp-block-latest-posts__post-excerpt\"><div class=\"slide-text-bg2\"><span>PIG\u00dc\u00c9, 30 de mayo del 2023.- Art. 1\u00ba &nbsp;&nbsp;&nbsp;&nbsp;&nbsp;&nbsp;&nbsp;&nbsp;&nbsp;&nbsp; Ll\u00e1mase a Licitaci\u00f3n P\u00fablica N\u00ba 09\/2023 para la Co<\/span><\/div><div class=\"slide-btn-area-sm\"><a href=\"https:\/\/compras.saavedra.gob.ar\/?p=292\" class=\"slide-btn-sm\">Leer m\u00e1s<\/a><\/div><\/div><\/li>\n<li><div class=\"wp-block-latest-posts__featured-image\"><img loading=\"lazy\" decoding=\"async\" width=\"150\" height=\"150\" src=\"https:\/\/compras.saavedra.gob.ar\/wp-content\/uploads\/2023\/05\/EscSecGoyena-150x150.png\" class=\"attachment-thumbnail size-thumbnail wp-post-image\" alt=\"\" style=\"\" \/><\/div><a class=\"wp-block-latest-posts__post-title\" href=\"https:\/\/compras.saavedra.gob.ar\/?p=285\">Licitaci\u00f3n P\u00fablica N\u00ba 08\/2023<\/a><time datetime=\"2023-05-19T16:49:45+00:00\" class=\"wp-block-latest-posts__post-date\">mayo 19, 2023<\/time><div class=\"wp-block-latest-posts__post-excerpt\"><div class=\"slide-text-bg2\"><span>PIG\u00dc\u00c9, 19 de mayo del 2023.- \u201cCONSTRUCCION DE DOS AULAS NUEVAS EN LA ESCUELA DE EDUCACION SECUNDARIA AGRARIA N\u00b0 1 DE GOYENA\u201d Por medio de la present<\/span><\/div><div class=\"slide-btn-area-sm\"><a href=\"https:\/\/compras.saavedra.gob.ar\/?p=285\" class=\"slide-btn-sm\">Leer m\u00e1s<\/a><\/div><\/div><\/li>\n<li><div class=\"wp-block-latest-posts__featured-image\"><img loading=\"lazy\" decoding=\"async\" width=\"150\" height=\"150\" src=\"https:\/\/compras.saavedra.gob.ar\/wp-content\/uploads\/2023\/02\/Pavimento-150x150.png\" class=\"attachment-thumbnail size-thumbnail wp-post-image\" alt=\"\" style=\"\" \/><\/div><a class=\"wp-block-latest-posts__post-title\" href=\"https:\/\/compras.saavedra.gob.ar\/?p=281\">Licitaci\u00f3n P\u00fablica N\u00ba07\/2023<\/a><time datetime=\"2023-05-19T16:43:54+00:00\" class=\"wp-block-latest-posts__post-date\">mayo 19, 2023<\/time><div class=\"wp-block-latest-posts__post-excerpt\"><div class=\"slide-text-bg2\"><span>PIG\u00dc\u00c9, 19 de mayo del 2023.- \u201cPAVIMENTACI\u00d3N Y REPAVIMENTACION DE CALLES EN PIGUE Y GOYENA CON MATERIAL FLEXIBLE\u201d. &#8211; Por medio de la presente s<\/span><\/div><div class=\"slide-btn-area-sm\"><a href=\"https:\/\/compras.saavedra.gob.ar\/?p=281\" class=\"slide-btn-sm\">Leer m\u00e1s<\/a><\/div><\/div><\/li>\n<li><div class=\"wp-block-latest-posts__featured-image\"><img loading=\"lazy\" decoding=\"async\" width=\"150\" height=\"150\" src=\"https:\/\/compras.saavedra.gob.ar\/wp-content\/uploads\/2023\/05\/GAS-150x150.png\" class=\"attachment-thumbnail size-thumbnail wp-post-image\" alt=\"\" style=\"\" \/><\/div><a class=\"wp-block-latest-posts__post-title\" href=\"https:\/\/compras.saavedra.gob.ar\/?p=254\">Licitaci\u00f3n P\u00fablica N\u00ba 06\/2023<\/a><time datetime=\"2023-05-08T12:17:45+00:00\" class=\"wp-block-latest-posts__post-date\">mayo 8, 2023<\/time><div class=\"wp-block-latest-posts__post-excerpt\"><div class=\"slide-text-bg2\"><span>PIG\u00dc\u00c9, 5 de mayo del 2023.- Por medio de la presente solicito:Art. 1\u00ba\u00a0\u00a0\u00a0\u00a0\u00a0\u00a0\u00a0 Ll\u00e1mase a Licitaci\u00f3n P\u00fablica N\u00ba 06\/2023 para la Adquisici\u00f3n de <\/span><\/div><div class=\"slide-btn-area-sm\"><a href=\"https:\/\/compras.saavedra.gob.ar\/?p=254\" class=\"slide-btn-sm\">Leer m\u00e1s<\/a><\/div><\/div><\/li>\n<li><div class=\"wp-block-latest-posts__featured-image\"><img loading=\"lazy\" decoding=\"async\" width=\"150\" height=\"150\" src=\"https:\/\/compras.saavedra.gob.ar\/wp-content\/uploads\/2023\/03\/CFP-150x150.jpg\" class=\"attachment-thumbnail size-thumbnail wp-post-image\" alt=\"\" style=\"\" \/><\/div><a class=\"wp-block-latest-posts__post-title\" href=\"https:\/\/compras.saavedra.gob.ar\/?p=219\">Terminaci\u00f3n Taller de Automotores del Centro de Formaci\u00f3n Laboral N*401<\/a><time datetime=\"2023-03-06T10:45:15+00:00\" class=\"wp-block-latest-posts__post-date\">marzo 6, 2023<\/time><div class=\"wp-block-latest-posts__post-excerpt\"><div class=\"slide-text-bg2\"><span>PIG\u00dc\u00c9, 03 de marzo del 2023.- Art. 1\u00ba\u00a0\u00a0\u00a0\u00a0\u00a0\u00a0\u00a0 Ll\u00e1mase a Licitaci\u00f3n P\u00fablica N\u00ba 05\/2023 para la obra \u201cTerminaci\u00f3n Taller de Automotores del C<\/span><\/div><div class=\"slide-btn-area-sm\"><a href=\"https:\/\/compras.saavedra.gob.ar\/?p=219\" class=\"slide-btn-sm\">Leer m\u00e1s<\/a><\/div><\/div><\/li>\n<\/ul>\n\n\n<p><\/p>\n\n\n\n<div class=\"wp-block-buttons is-layout-flex wp-block-buttons-is-layout-flex\"><\/div>\n","protected":false},"excerpt":{"rendered":"<div class=\"slide-text-bg2\"><span><\/span><\/div>\n","protected":false},"author":1,"featured_media":0,"parent":0,"menu_order":0,"comment_status":"closed","ping_status":"closed","template":"fullwidth.php","meta":{"footnotes":""},"class_list":["post-33","page","type-page","status-publish","hentry"],"_links":{"self":[{"href":"https:\/\/compras.saavedra.gob.ar\/index.php?rest_route=\/wp\/v2\/pages\/33","targetHints":{"allow":["GET"]}}],"collection":[{"href":"https:\/\/compras.saavedra.gob.ar\/index.php?rest_route=\/wp\/v2\/pages"}],"about":[{"href":"https:\/\/compras.saavedra.gob.ar\/index.php?rest_route=\/wp\/v2\/types\/page"}],"author":[{"embeddable":true,"href":"https:\/\/compras.saavedra.gob.ar\/index.php?rest_route=\/wp\/v2\/users\/1"}],"replies":[{"embeddable":true,"href":"https:\/\/compras.saavedra.gob.ar\/index.php?rest_route=%2Fwp%2Fv2%2Fcomments&post=33"}],"version-history":[{"count":6,"href":"https:\/\/compras.saavedra.gob.ar\/index.php?rest_route=\/wp\/v2\/pages\/33\/revisions"}],"predecessor-version":[{"id":87,"href":"https:\/\/compras.saavedra.gob.ar\/index.php?rest_route=\/wp\/v2\/pages\/33\/revisions\/87"}],"wp:attachment":[{"href":"https:\/\/compras.saavedra.gob.ar\/index.php?rest_route=%2Fwp%2Fv2%2Fmedia&parent=33"}],"curies":[{"name":"wp","href":"https:\/\/api.w.org\/{rel}","templated":true}]}}